 common divisor of 6245420 and 30.
10
What is the highest common divisor of 1581325252 and 43836?
14612
Calculate the greatest common factor of 3960 and 335357880.
1320
Calculate the highest common factor of 32239539 and 5131.
733
Calculate the greatest common divisor of 28710 and 122205710.
3190
What is the greatest common divisor of 248608 and 17366?
914
Calculate the greatest common factor of 424 and 16537643.
53
What is the highest common factor of 429245988 and 204?
204
What is the highest common divisor of 10166 and 18850156?
598
Calculate the highest common factor of 9348 and 1802688.
492
Calculate the greatest common divisor of 64865 and 14810.
5
Calculate the highest common factor of 52283 and 166452.
1067
Calculate the highest common factor of 30920696 and 224.
8
Calculate the highest common divisor of 2898 and 4456158.
966
Calculate the greatest common divisor of 27389 and 21960.
61
Calculate the greatest common factor of 254 and 367594.
2
Calculate the greatest common divisor of 89262 and 7598.
58
Calculate the greatest common divisor of 3130452 and 1872.
468
Calculate the greatest common factor of 236998278 and 91314.
4806
What is the highest common factor of 340 and 474623?
17
What is the greatest common divisor of 72714765 and 1608?
201
What is the highest common divisor of 44470 and 14706229?
4447
What is the highest common factor of 1448899 and 3157?
41
What is the greatest common factor of 703114839 and 126?
63
Calculate the greatest common divisor of 371508 and 46625.
373
Calculate the greatest common divisor of 1829121 and 7728.
483
What is the greatest common divisor of 123681219 and 142?
71
What is the greatest common factor of 276810 and 4470?
30
Calculate the highest common factor of 187630 and 2110.
10
What is the highest common factor of 1519757 and 2?
1
What is the greatest common divisor of 4414608 and 704?
176
What is the highest common factor of 3991638 and 1764?
294
What is the highest common factor of 3035910 and 195?
15
Calculate the highest common divisor of 28202821 and 152.
19
Calculate the highest common divisor of 15196 and 29116.
116
Calculate the highest common divisor of 17 and 1248599.
17
What is the greatest common factor of 10 and 4396632530?
10
Calculate the greatest common factor of 21 and 28422149.
7
What is the greatest common factor of 304 and 2425496?
8
Calculate the greatest common factor of 10198594 and 175.
7
Calculate the greatest common divisor of 68116463 and 262.
131
Calculate the greatest common divisor of 165 and 3504885.
15
What is the greatest common divisor of 4290 and 27007266?
858
Calculate the greatest common factor of 90376 and 22979.
11
Calculate the highest common factor of 301569163 and 758.
379
What is the highest common factor of 45 and 30462174?
9
Calculate the greatest common divisor of 485401 and 80.
1
Calculate the greatest common factor of 108 and 224287038.
18
Calculate the greatest common divisor of 6624 and 65062584.
1656
Calculate the highest common divisor of 23230640 and 192.
16
Calculate the greatest common factor of 29989223 and 1111.
1111
Calculate the greatest common factor of 68967768 and 72.
24
Calculate the greatest common divisor of 251697 and 38319.
159
What is the highest common divisor of 4348 and 51896641?
1087
Calculate the greatest common factor of 192 and 621958336.
64
Calculate the greatest common factor of 158067 and 197743.
91
What is the highest common divisor of 351 and 35933040?
117
Calculate the greatest common divisor of 5510 and 2365120.
190
Calculate the highest common divisor of 76076 and 3784.
44
What is the highest common factor of 15428 and 2539414?
58
Calculate the greatest common divisor of 20992884 and 176.
44
Calculate the greatest common divisor of 288339 and 2305419.
1293
Calculate the greatest common divisor of 71291976 and 232.
232
Calculate the highest common factor of 73702913 and 106.
53
Calculate the highest common factor of 3088730 and 1415.
5
What is the greatest common divisor of 113 and 7632811?
113
What is the greatest common divisor of 152 and 46371896?
8
Calculate the greatest common divisor of 91173208 and 616.
56
Calculate the highest common factor of 223690 and 500.
10
What is the greatest common divisor of 29 and 6235319?
29
What is the highest common divisor of 265 and 4449880?
265
Calculate the greatest common factor of 14044 and 1328794126.
7022
Calculate the greatest common factor of 61851 and 99534.
159
Calculate the greatest common factor of 219808502 and 4369.
257
What is the greatest common factor of 29390840 and 880?
40
Calculate the greatest common divisor of 253578 and 442.
26
Calculate the highest common divisor of 2816968 and 2959.
2959
Calculate the greatest common divisor of 2969 and 651140297.
2969
Calculate the greatest common divisor of 1380252 and 58.
2
Calculate the greatest common factor of 173952151 and 2114.
151
Calculate the highest common factor of 7932652 and 4.
4
What is the greatest common divisor of 728 and 28304458?
182
Calculate the greatest common divisor of 435375 and 33975.
225
What is the greatest common divisor of 686 and 43306?
2
Calculate the highest common factor of 1023962 and 128510.
142
What is the greatest common divisor of 87972553 and 976?
61
Calculate the highest common divisor of 10 and 11219105.
5
Calculate the greatest common divisor of 29325377 and 212.
53
Calculate the greatest common factor of 5611368 and 42.
42
Calculate the greatest common divisor of 197050 and 1478400.
350
What is the highest common factor of 34 and 489095491?
17
What is the highest common divisor of 12701 and 128466?
13
What is the greatest common divisor of 4254 and 753387654?
4254
Calculate the greatest common divisor of 3662 and 86.
2
Calculate the highest common divisor of 848334912 and 5436.
1812
What is the highest common factor of 23415258 and 399?
57
Calculate the greatest common factor of 14445 and 49.
1
Calculate the highest common divisor of 164 and 43400960.
164
What is the highest common divisor of 112 and 141261232?
112
What is the greatest common factor of 84810204 and 149?
149
What is the greatest common factor of 18178 and 205204?
122
What is the greatest common factor of 38462612 and 436?
436
What is the greatest common factor of 27895 and 1593203?
797
Calculate the greatest common divisor of 54 and 10428588.
54
Calculate the highest common divisor of 253381272 and 12.
12
Calculate the greatest common divisor of 133585062 and 52.
26
What is the greatest common factor of 485199295 and 969?
323
What is the highest common divisor of 19530 and 177055074?
3906
What is the highest common divisor of 853516 and 4108?
316
What is the highest common factor of 138 and 142159136?
46
What is the highest common divisor of 12285 and 4717895?
455
What is the greatest common divisor of 3700181 and 5485?
1097
Calculate the highest common factor of 1701 and 43030071.
63
What is the greatest common divisor of 297993290 and 126?
14
What is the highest common factor of 132575085 and 15?
15
Calculate the highest common factor of 214326 and 6174.
882
What is the highest common divisor of 6590454 and 19266?
1482
Calculate the highest common divisor of 258647001 and 4245.
849
Calculate the greatest common factor of 91 and 216021.
13
What is the greatest common divisor of 116410118 and 2958?
986
Calculate the highest common divisor of 654 and 1253872780.
218
Calculate the highest common factor of 1284 and 936348.
12
What is the greatest common divisor of 222496 and 18464?
32
What is the greatest common factor of 31198 and 13566?
38
Calculate the highest common divisor of 72009296 and 192.
16
Calculate the highest common divisor of 187245 and 259065.
2565
What is the greatest common factor of 4095 and 29345?
5
Calculate the greatest common factor of 28527 and 37667976.
771
Calculate the highest common factor of 16352076 and 276.
12
Calculate the greatest common factor of 2412 and 14289492.
804
Calculate the greatest common factor of 120 and 121586680.
40
What is the highest common divisor of 13138236 and 1440?
36
What is the highest common divisor of 4928 and 416134208?
448
Calculate the greatest common divisor of 9 and 38204721.
9
Calculate the highest common divisor of 47 and 36116.
1
What is 